 - -194. Let z = j - x. Is z prime?
False
Let y(k) = 31 + 4*k - 4*k + k. Let u(t) = 22*t + 110. Let s be u(-5). Is y(s) a composite number?
False
Let s(w) = 42*w**2 + 302*w + 37. Is s(-42) a prime number?
True
Let f(l) = 6*l + 7 - 1 + 0*l + 9*l**2. Suppose -12*a = 118 - 58. Is f(a) a prime number?
False
Suppose 8*m - 3*m = 0, -x + 5*m - 2 = 0. Let c be (x + 1)/((-4)/1068). Suppose c = 4*i - 1241. Is i composite?
True
Let a(m) = 3*m**2 - 27*m + 25. Let y be a(-19). Let n = y - 201. Suppose -3*t - n = -7*t. Is t composite?
True
Suppose -4*g + 72026 = -z, 0 = -4*z + z + 6. Is g prime?
False
Is 2157*2 - 49/(-7) a prime number?
False
Let w = 16219 - 9171. Suppose 2737 - w = -3*c. Is c prime?
False
Suppose 2*a - 1226 = -2*j - 0*a, -2*j + 1229 = 3*a. Suppose -f + 439 = -j. Let i = f + -642. Is i a prime number?
False
Is (-25374)/((-36)/(-6))*(3 - 4) prime?
True
Suppose 0 = -17*z + 24*z - 33187. Is z a composite number?
True
Let j = -190 + 777. Is j composite?
False
Let n(c) = -138*c**3 + 2*c**2 + 13*c + 1. Is n(-4) a prime number?
False
Let y = 4 + 5. Let r = y + -7. Suppose 3*p - 74 = -q + 527, 0 = -r*q + 8. Is p a composite number?
False
Let h be 2 + -1 + -5 - -867. Suppose 4*m = 3*j - h, -3*m - 262 = -4*j + 898. Is j composite?
False
Let k be 39/3 - (1 + 0/(-4)). Suppose -k*r + 4*r = -10552. Is r composite?
False
Is (-12)/(-9)*(-1)/4*-23523 a composite number?
False
Let g = 27 + -9. Let x = g + -16. Is 9954/27*3/x a prime number?
False
Let w be -1 + 4/(-8)*-8. Let t be -3 + w + -277 + -3. Let a = t - -413. Is a prime?
False
Suppose y + y - 1221 = -5*q, 1242 = 2*y - 2*q. Suppose 0 = -d + y + 519. Suppose 0 = 4*w - d + 133. Is w composite?
False
Suppose -9450 = -4*a + 9798. Let r = a + -3011. Is r prime?
True
Let f(h) = -9*h**3 + 4*h**2 + h + 5. Suppose 2*x - 5*k = 7, 0 = 6*x - 2*x - k + 13. Is f(x) a prime number?
True
Let l(q) = 669*q**2 + 4*q + 14. Is l(3) a composite number?
False
Let z = -26918 + 37759. Is z a prime number?
False
Let t = -2556 + 5069. Is t a prime number?
False
Let u(b) = 7 + 9 - 24*b + 23*b + 2. Let v be u(7). Suppose -v*x = -7*x - 724. Is x composite?
False
Let b(c) be the first derivative of 7*c**6/360 - c**5/40 + c**4/24 - c**3 - 3. Let a(k) be the third derivative of b(k). Is a(3) composite?
True
Suppose 4*m - 77147 = -3*w, 5*m - 3061 = -2*w + 93378. Is m a prime number?
True
Suppose 28 = 4*y + j, -7*j + 2*j + 20 = 0. Let f(g) = -26*g**2 + 5*g**3 + 1 + 30*g**2 + 4 - 13*g. Is f(y) a composite number?
False
Suppose -g + 2522 = 838. Let h = 2951 - g. Is h a prime number?
False
Let b(c) = 2*c**2 - 4*c + 4. Let l be b(2). Suppose 5 = -l*x + 33. Suppose -2514 = n - x*n. Is n a composite number?
False
Suppose -12 = -4*c, -m + 5*c + 1872 = 416. Is m composite?
False
Is (-5)/(-1) + 302 + 0/(-5) a composite number?
False
Suppose -2*j = -7 + 5, -2*j = 4*r - 5478. Is r a prime number?
False
Let f(d) = 27*d - 2. Let v(q) = 27*q - 2. Let b(c) = 7*f(c) - 6*v(c). Let s be b(2). Suppose 4*t - s = 4*j, 5*j + 6 + 9 = 0. Is t composite?
True
Suppose -12192 = -14*z + 99710. Is z a composite number?
False
Let t be (-28)/49 + (-88)/(-7). Suppose -z - 2*z - 10 = 4*a, 2*z - 5*a + 45 = 0. Is t/z*(-20)/8 a composite number?
False
Let v be 0 - ((-1)/1 + -589). Let p(a) = 16*a + 5. Let c be p(0). Suppose -2*m + 3*d + 236 = 0, 0*m + c*m + 5*d = v. Is m a composite number?
True
Let t(m) = m**2 + 13*m + 4. Let g be t(-11). Let i(y) = -y**3 - 18*y**2 - 26*y - 25. Is i(g) a prime number?
True
Let n = -257 - -1169. Let j = n - -847. Is j a prime number?
True
Let w(g) = -g**3 + 2*g**2 - g + 2. Let r be w(2). Let m(o) = o**2 + 1612. Let f be m(r). Is 5/(-35) + f/14 a composite number?
True
Suppose -14*w = -7*w - 9835. Is w composite?
True
Let h(c) = 239*c**2 - 13*c + 47. Is h(6) a composite number?
False
Suppose -2*a = 3*v - 13, -4*a + 0*v + 20 = 4*v. Is ((-14)/4)/(a - 333/166) a prime number?
False
Let y(j) = j**3 + 16*j**2 + 35*j - 51. Is y(13) composite?
True
Suppose -10*r + 137697 = -9*r - q, -8 = -4*q. Is r a composite number?
False
Suppose 10*z = 5*z + 62755. Is z/99 + 2/9 prime?
True
Let f(t) = 11*t**3 + 3*t**2 + t - 5. Let i be (0 - 1/1) + 25/5. Is f(i) a prime number?
True
Suppose -1285 - 1238 = -3*t. Is t a prime number?
False
Let q(d) = -d**2 - d - 649. Let g be q(0). Let k = -158 - g. Is k prime?
True
Let r(c) = -23*c + 17. Is r(-7) prime?
False
Let r = -37 - -36. Is (-2088)/(-15) - r/(-5) a prime number?
True
Suppose -5*d - 165735 = -5*s, -3*d = -s + 11947 + 21196. Is s composite?
False
Let n = 2 + 1. Suppose 0 = 4*r + 2*b - 1176, -n*b = -4*r + 541 + 625. Is r composite?
False
Let q be ((-18)/(-3))/((-9)/(-6)). Let d(f) = 2*f**2 - f - 5. Is d(q) a composite number?
False
Suppose 20116 = 8*o - 12468. Is o composite?
False
Suppose 3*c - 3*g - 25 = 2*g, -4*c + 16 = 2*g. Suppose -46 = -c*l + 229. Is l composite?
True
Suppose -3*j + 3*h + 881 + 1585 = 0, 4*j = 3*h + 3287. Is j a prime number?
True
Let n(x) be the third derivative of x**4/12 - 2*x**3/3 + 11*x**2. Let v be n(4). Is (-339)/(-3)*v/4 prime?
True
Is 3311/2 + 3/(-18)*-9 prime?
True
Let h = -10 - -6. Let r be (45/(-6) - h)*-2. Suppose 4*j - 312 = 4*b, 2*b - r*b + 163 = 2*j. Is j a prime number?
True
Let z = 3 - 5. Let v be (1504/6 - z)*3. Suppose -5*u - s = -1895, 0*u + 2*s = 2*u - v. Is u composite?
False
Let p be 6/(0 - (-5)/10). Let w(y) = y**3 - 11*y**2 - 11*y - 8. Let c be w(p). Suppose c*z - 3*g = 2*z + 234, 432 = 4*z + 3*g. Is z prime?
False
Suppose -4*g - 12 = 4. Let a(u) = -97*u - 9. Is a(g) prime?
True
Suppose 0 = -z - 4*k + 28, -3*z - 2*z + 3*k + 117 = 0. Suppose -22*m - 230 = -z*m. Is m a composite number?
True
Suppose -2*z - 2 = -3*z. Let u be ((-36)/(-6))/(z - 0). Suppose -2*b - 15 = -u*b. Is b composite?
True
Suppose -3*q - 16383 + 75366 = 0. Is q a composite number?
False
Let o(b) = 6*b - 2. Let u be o(-5). Let t = u - -39. Is t a composite number?
False
Suppose s = -k, -2*k = -4*s - 0*k + 18. Suppose -s*h + 6*h - 630 = 0. Let y = h + -133. Is y a composite number?
True
Let w = -376 + -257. Is 6/(1 - (-627)/w) a composite number?
True
Suppose -5*c + 2*c = -2*i - 710, -5*c = 2*i + 710. Let m = i - -696. Is m prime?
False
Let b(q) = 4*q - 7. Suppose 2*h - 4 = 2. Let i be b(h). Suppose -i*y + 557 = -98. Is y composite?
False
Suppose 20 = 74*j - 78*j. Is 2/(-3)*(j + 12428/(-8)) a prime number?
True
Suppose 0 = -4*w + 10827 - 2631. Suppose -5*y + w = -1396. Is y composite?
True
Let k = 19 + -15. Let o be 21/(-3) + k - 795. Let f = 1467 + o. Is f a composite number?
True
Let o be 0 + (-1)/(1/(-1605)). Suppose 17*v - o = 18*v. Let u = v + 2950. Is u composite?
True
Let y be 1 + -1 + 12/4. Suppose -l = -5*z - y - 1, z + 16 = 4*l. Suppose -2*k + 4*k - 586 = z. Is k a prime number?
True
Let s(a) = a**2 - 10*a - 66. Let v be s(15). Suppose -v*k + 4874 = -3919. Is k a prime number?
True
Suppose -2*o - 3*m + 5539 = 0, -o = 5*m + 590 - 3356. Is o a prime number?
False
Let q = 427 - 127. Suppose 2*v + 3*c - 5*c - q = 0, -3*c - 760 = -5*v. Is v composite?
True
Is (-337)/(1*-1) + (100 - 103) a prime number?
False
Let s(l) = 108*l**3 - 7*l**2 + 17*l - 3. Is s(3) composite?
True
Let d = 97 + -95. Is ((-35896)/84)/(d/(-3)) a composite number?
False
Suppose 302960 = 26*u - 131994. Is u a composite number?
False
Let c = 38 + -34. Let a = c - 7. Is a/12 + (-58)/(-8) a composite number?
False
Let m = 13 + -14. Let c(j) = -178*j + 2. Let g be c(m). Suppose 3*z - 105 = g. Is z prime?
False
Let g = 26 - 20. Is g/(-4) - 2/(12/(-5583)) composite?
False
Let c be (1 + 5)*10/20. Suppose 0 = -3*y - c - 0. Is -1*(y + -2 - 66) a prime number?
False
Suppose -74078 = -5*z + 3*n, -4*z - n = -4*n - 59263. Is z prime?
False
Let q be (-805)/11 + 10/55. Let r = 262 - q. Suppose 0 = -3*c - 2*c + r. Is c a composite number?
False
Suppose 7*f - 7 = 6*f. Suppose 6*g + 743 = f*g. Is g a composite number?
False
Suppose 3 = 5*u - 8*u, 0 = 3*s + 2*u + 65. Let l = s + 36. Suppose -l*i - 508 = -19*i. Is i prime?
True
Let j(q) = 120*q + 7. Let f(s) = -119*s - 6. Let n(w) = 5*f(w) + 6*j(w). Let l be n(10). Suppose 4*i - l = 2*i + 4*u, u = 5*i - 3146. Is i composite?
True
Suppose 153*k - 160*k = 3059. Suppose -q = -4*q + 2*f + 1834, 2*q - 1224 = f. Let n = k + q. Is n a composite number?
True
Is (-2)/(-16) + 801159/136 a prim